*d**2 + 35*d + 5. Let l(a) = -52*a**2 - 76*a - 11. Let m(p) = -13*c(p) - 6*l(p). Calculate m(1).
-24
Suppose -331*u - 818 - 812 = -5*u. Let z(k) = 4*k + 5. Let n(s) = -11*s - 16. Let p(b) = -2*n(b) - 7*z(b). Give p(u).
27
Let u(m) = -m**3 + 3*m**2 + 3*m + 8. Let h be u(3). Let s(d) = 14*d**2 + 58*d - 3. Let j(y) = 5*y**2 + 20*y - 1. Let v(l) = h*j(l) - 6*s(l). Give v(7).
-6
Let i(g) = -3*g**2 - 12*g - 6. Let a be i(-5). Let v be (-120)/28 - 6/a. Let r be (v/12)/(1 - 48/45). Let b(q) = -q**2 + 5*q. Give b(r).
0
Let h(a) be the second derivative of -a**7/2520 - 7*a**6/720 + a**5/24 + 29*a**4/6 - 12*a - 4. Let d(c) be the third derivative of h(c). Determine d(-8).
-3
Let d(o) = -774517*o - 10 + 2*o**2 + 26 + 774554*o + 89. Give d(-15).
0
Let l = -56 - -60. Let j(x) = 4*x**2 + 32*x**3 - x - 2 + 3 - 33*x**3. Give j(l).
-3
Let n be 2/(-8) + (-52)/(-16). Suppose -7 = -k + 1. Let y(h) = -4 - 5*h + 1 - 3*h**2 + h**3 + k*h. Determine y(n).
6
Let b(x) = -115*x + 43. Let h(k) = -192*k + 85. Let t(u) = 5*b(u) - 3*h(u). What is t(28)?
-12
Let j(p) be the third derivative of -3*p**4/8 - 58*p**3/3 + 2033*p**2. What is j(-14)?
10
Let b(s) = -2*s**2 - 12*s + 5. Suppose -15*o - 9*o + 10*o = -70. Give b(o).
-105
Let l be 4/14 + (-23)/7. Let w be 1*387/(18 + -9). Let q(i) = 1 + 32*i - 5*i**2 + w*i - 77*i + 4*i**2. What is q(l)?
-2
Let p(y) be the first derivative of 4*y**4 + 1/2*y**2 + y + 69 + 1/3*y**3. What is p(-1)?
-15
Let t(y) = -5*y**3 + 103*y**2 - 63*y - 18. Let p(r) = -3*r**3 + 55*r**2 - 32*r - 9. Let o(c) = 7*p(c) - 4*t(c). Give o(-28).
9
Let v(b) be the first derivative of b**6/120 + b**5/15 + b**4/8 + b**3/2 + 177*b**2/2 - 106. Let z(o) be the second derivative of v(o). Calculate z(-5).
-37
Let v(c) be the first derivative of -c**4/4 + 3*c**3 - 9*c**2/2 + 8*c + 1. Let w be (-9)/3*2 - -15. Suppose w*i + 144 = 27*i. Determine v(i).
0
Suppose 1881 = 10*b + 1901. Let j(g) = -g**2 - 3*g + 3. What is j(b)?
5
Suppose 218*i = 225*i - 112. Suppose g = 3*r + 17, 0 = -g + 2*r + i - 0. Let b(d) = d**3 - 15*d**2 + 15*d - 16. Give b(g).
-2
Let f = -1179 + 1169. Let m(y) = 4*y**3 + 45*y**2 - 53*y + 5. Let x(c) = c**3 + 11*c**2 - 13*c + 1. Let k(t) = 2*m(t) - 9*x(t). Determine k(f).
-9
Suppose 5*t - 15 = -3*x, 5*t = -3*x + 6*x + 15. Let d(c) = 11*c - c**2 + 103*c - 110*c - 6. Give d(x).
-6
Let l(v) = -v**2 - 2*v + 4. Let o = -145 - -95. Let m be 3*o/48 + (-1)/(-8). Give l(m).
1
Let j(t) = -80 - 37*t + 30*t + 231 - 86. Determine j(10).
-5
Suppose 0 = -y + 1, -3*y + 323 = 5*j. Suppose -2*b = -24 + j. Let h = 24 + b. Let z(w) = w**2 - 2*w + 4. Calculate z(h).
12
Suppose -54*f + 55*f - 5 = 3*c, 2*c = -2*f - 14. Suppose -3*z - 4*g = -3, -3*g + 13 = 2*z - 4*g. Let l(i) = -i**2 - 2*i - 2*i + 2*i - 1 - z. What is l(f)?
-14
Let p(i) = i**2 - 3*i - 3. Let x(w) = 62*w - 17 - 34*w - 25*w. Suppose 0 = 5*f - 0*d + 3*d - 29, 0 = 3*f - 3*d - 27. Let c be x(f). Calculate p(c).
1
Suppose 2*b + 10 = -s, -2*b + 2239*s - 2242*s = 18. Let k(p) = -4*p - 1. Let m(j) = -4*j - 1. Let x(a) = -5*k(a) + 6*m(a). Calculate x(b).
11
Let h(k) be the second derivative of k**5/20 + k**4/2 + 7*k**3/6 + 5*k**2/2 + 103*k - 3. What is h(-5)?
-5
Suppose -4*u + 7 = 3*f, 3*f - 33 = -2*f + 4*u. Suppose -3*r + 4 = 5*q, 15 = 2*q - f*r + 1. Let m(t) = -18 + 20 - 3*t + q*t. Give m(7).
-5
Suppose -3*d - 4*l = 12 - 29, -l + 8 = -3*d. Let b(h) = 6*h**3 + 3*h**2 + h + 2. Let p(w) = -8*w**3 - 2*w**2 - 1. Let y(z) = 2*b(z) + 3*p(z). Calculate y(d).
11
Let l be ((-1)/(-3))/((-10)/120). Let r be (l - -2)/(1/(-4)). Let q(i) = 0*i - r - 2*i**3 - 2*i + 6*i**2 - 13*i**2 + i**3. Give q(-7).
6
Let o = 22 - -1. Suppose -4*q + a + o = 0, 2 = q + 2*a - 6*a. Suppose 0 = q*x + 3*x + 9. Let b(n) = -8*n**3 + n. Give b(x).
7
Let o be (0 - 1/(-3))/((-10)/180). Let x(y) = 3*y**2 + 19*y + 10. Give x(o).
4
Let u(x) = -x**2 - 2*x. Let p(g) = -7*g**2 - 12*g - 14. Let y(s) = -p(s) + 6*u(s). Give y(-6).
50
Suppose -12*b + 1074 = 966. Let i(s) = -3*s + 36. Determine i(b).
9
Let t(i) = -2*i**3 + 54*i**2 + 26*i - 14. Let b be t(28). Let z be 5185/b - (-1)/14. Let s(k) = k**3 + 6*k**2 + 1. Determine s(z).
1
Let f(j) be the third derivative of 2*j**3 + 0 - 48*j**2 + 0*j + 1/12*j**4. Calculate f(-6).
0
Suppose 0 = -36*f + 26*f + 60. Suppose 0 = n - 10 + f. Let b(i) = -i + 4*i - 5 - 3*i + i. Give b(n).
-1
Let i(l) = -4*l**2 + 31*l + 23. Let j(n) = 4*n**2 - 22*n - 22. Let z(b) = 4*i(b) + 3*j(b). Give z(15).
-4
Suppose 0 = 5*l - 4*o - 17, -o + 9 = 4*l - 13. Let k be (-1)/l - 33/(-15). Let j(s) be the first derivative of -3*s**2 - 12446. Determine j(k).
-12
Let p(x) = x**3 - 17*x**2 + 23*x + 2. Suppose -25*k = -297*k + 4943 - 863. Calculate p(k).
-103
Suppose -4*r = -9*r + 10. Suppose -10*t - 184 = -154. Let u = t + r. Let m(l) = l**2 - 2*l - 1. What is m(u)?
2
Let o(l) = -l**3 - 18*l**2 - l - 20. Let t(v) = -475*v - 5718. Let f be t(-12). Calculate o(f).
-2
Let s(r) be the first derivative of r**4/4 - 7*r**3/3 + 9*r**2/2 + 7*r + 544. Suppose 0 = -2*l + 22 - 12. Determine s(l).
2
Let n = 96 - 90. Let t(g) = -7*g + 6 + 14*g - 10*g - 2 + 0*g. Give t(n).
-14
Let a(j) = -j - 1. Let u(r) = -r**2. Let d = 29 - 26. Let v be (-3)/d*6/3. Let i(f) = v*a(f) + 2*u(f). Calculate i(2).
-2
Let s = -2289 + 2284. Let c(x) = -x**3 - 7*x**2 - 6*x - 3. Give c(s).
-23
Let z(u) = u**3 + 293*u**2 + 871*u + 1. Let f be z(-3). Let r(a) = 28*a + 31. Give r(f).
-25
Let o be (-35)/110 + 2/4 + 57/(-11). Let m(t) = t - 1. Let v be m(2). Let j(n) = -v - 3 + 5 + 2*n. What is j(o)?
-9
Let x(c) be the first derivative of 3*c**2/2 + 5*c - 17343. Let t(b) = -b**3 - 3*b**2 + 2*b - 1. Let q be t(-2). Determine x(q).
-22
Let o(z) = -1 - 1 - z**2 - 5*z**2 + z**3. Suppose 0 = -2*r + 4*d - 2*d - 30, -r = 4*d - 10. Let w be ((-4)/r)/((-40)/(-50))*12. What is o(w)?
-2
Let s(j) = j**2 - 16*j - 58. Suppose 2*y + 26 = -4*c, 3*c - 47 + 0 = 8*y. Give s(c).
-1
Let t(r) be the third derivative of r**5/30 - r**4/3 - 11*r**3/6 + 4361*r**2. Give t(6).
13
Let n(m) = -15*m**3 - 10*m**3 + 16*m + 47*m**3 - 61 - 24*m**3 + 23*m**2. Calculate n(12).
-13
Let y(o) = o**3 - 7*o**2 - 8*o + 10. Suppose 5*h - 3*n - 12 = 0, -2*h + 5*h = 4*n + 16. Suppose h = -8*u + 4*u + 32. Determine y(u).
10
Let g(m) = 11*m**2 - 29*m**2 - 14 + 31 + 17*m**2 + 9*m. Let w be g(-2). Let f(k) = -k**3 - 4*k**2 + 3*k - 7. Determine f(w).
3
Let c(j) = j**2 - 15*j + 9. Suppose -13*n - 5*t = -175, -n + 2*t - 2 + 25 = 0. What is c(n)?
9
Suppose 13*f - 5*f = 88. Suppose f - 5 = 3*b. Suppose 16 = -b*r - 2*r. Let v(x) = -x**2 - 6*x - 6. Calculate v(r).
2
Let g(t) = -t - 27. Suppose -207*l - 388*l = 890 + 895. Give g(l).
-24
Let g(y) = y - 4. Suppose -358 = 14*f - 1506. Suppose -f = -18*s + 62. Give g(s).
4
Let w(i) = -i**3 - 4*i**2 - 3*i - 6. Let d = 3907 + -3913. What is w(d)?
84
Let t(a) = a - 4. Let y(q) = 5*q + 3. Let x(f) = 4*f + 2. Let k(s) = -6*x(s) + 5*y(s). Let r be k(-2). Suppose -2*n - r = -11. Determine t(n).
1
Suppose -47 = -5*i + 3*a - 4*a, a + 43 = 4*i. Let r(n) = 6*n + 17. Determine r(i).
77
Suppose -60*s + 109 - 407 = 122. Let z(o) = -3*o + 18*o - 4*o**2 + 1 - o**3 - o**2. Give z(s).
-6
Let h be (-77)/(-84) + -1 - (-146)/24. Let c(g) = 34*g**3 + 7*g**2 - 75*g**3 - 2 - h*g + 40*g**3. Determine c(6).
-2
Let u(q) = -3*q**2 + 18*q - 5. Suppose 2*n - 11*n - 10 = -55. Determine u(n).
10
Let v be -1 + (-34)/(-6) + 9/27. Suppose v*d = -3*g + 6, 0*d - 24 = -5*d + 3*g. Let k(b) = -1711*b - d + b**2 + 1711*b. Determine k(3).
6
Let o(n) be the first derivative of -9*n**2/2 - 27*n - 5636. What is o(-12)?
81
Let y = -4 - -4. Let c(u) be the second derivative of -u**5/120 + u**4/24 + 20*u**3/3 + 47*u. Let d(k) be the second derivative of c(k). What is d(y)?
1
Let j = 177 - 174. Let o(k) = j - 53*k + 22*k + 22*k. Calculate o(2).
-15
Let m be 9 + -1*6/4*-2. Suppose -m + 39 = 3*g. Suppose 3*s - 3 - g = 0. Let a(z) = z**3 - 5*z**2 + 7*z - 4. Give a(s).
8
Let r = -48 + 34. Let o(x) = 7*x**2 - 1 + 4*x**2 - 31*x**2 + 34*x**2 - 12 + x**3 - x. Calculate o(r).
1
Let t(k) = 14*k + 3. Suppose -11*f = -7*f + 5*a - 46, 4*f = -4*a + 40. Determine t(f).
59
Let t be (-8)/(-4 + (-7)/(-2)). Let x(o) = 5*o**3 + o + 4*o**3 - t*o**3 + 5*o**3 + 2*o**2. Determine x(-1).
3
Let c(z) = z**3 - 21*z**2 - 23*z + 7. Suppose -79*h + 2403 = 665. Determine c(h).
-15
Let p(d) 